Let w(i) = -i**3 + 4*i**2 - 13*i + 94. Give w(5).
4
Let p(d) = d**2 + 227*d + 12844. Calculate p(-108).
-8
Let u(d) = 23*d - 470. Give u(20).
-10
Let p(x) = 15*x**2 - 23*x - 17. Calculate p(-2).
89
Let k(s) = 9*s**2 + 367*s - 370. Give k(1).
6
Let x(v) = 15*v**2 + 94*v + 21. Calculate x(-6).
-3
Let v(j) = 254*j**2 + 2291*j + 31. Give v(-9).
-14
Let a(m) = -18*m**2 + 25*m + 5. Give a(2).
-17
Let f(q) = q**3 - q**2 - q + 74. What is f(0)?
74
Let h(g) = -g**2 + 994*g + 994. What is h(-1)?
-1
Let h(p) = p - 68. Determine h(72).
4
Let l(p) = 39*p**2 + 77*p - 13. Calculate l(-3).
107
Let x(j) = j**3 - 10*j**2 - 19*j + 2. Determine x(8).
-278
Let p(z) = z**3 - 11*z**2 - 666*z - 188. Give p(32).
4
Let o(f) = 15*f**2 + 83*f + 1. Give o(-5).
-39
Let a(b) = -486*b - 7. Determine a(0).
-7
Let i(l) = 19*l**2 - 67*l - 26. Calculate i(4).
10
Let h(i) = 2*i**3 + 21*i**2 + 56*i + 37. What is h(-3)?
4
Let a(m) = -2*m**3 - 12*m**2 - 24*m - 19. Give a(-2).
-3
Let w(r) = -96*r**2 - 1254*r - 31. Determine w(-13).
47
Let r(m) = m**2 + 29*m + 226. Calculate r(-13).
18
Let q(a) = 7*a - 156. What is q(12)?
-72
Let a(g) = -15*g**2 + 324*g + 11. What is a(21)?
200
Let s(x) = -x**3 - 8*x**2 - 41*x - 201. What is s(-6)?
-27
Let p(d) = 5*d**2 - 11*d + 70. What is p(7)?
238
Let v(n) = 19*n**2 + 58*n - 7. What is v(-2)?
-47
Let d(y) = 3*y**2 - 23*y - 213. Give d(-8).
163
Let y(f) = 1291*f + 10333. What is y(-8)?
5
Let o(k) = -53*k - 602. What is o(11)?
-1185
Let j(d) = -53*d - 1052. Determine j(-20).
8
Let v(h) = 123*h - 3263. Determine v(27).
58
Let g(z) = 1792*z + 3629. What is g(-2)?
45
Let v(b) = -12*b - 139. Determine v(-12).
5
Let s(t) = -4*t**2 + 133*t - 789. Give s(27).
-114
Let i(s) = s**3 + 8*s**2 - 83*s + 9. Determine i(-14).
-5
Let k(r) = -3*r**3 + 24*r**2 - 3*r - 92. Determine k(7).
34
Let k(c) = -31*c + 2684. Calculate k(87).
-13
Let f(a) = -7*a - 269. Determine f(5).
-304
Let y(k) = k**3 - 28*k**2 + 15*k - 53. Calculate y(28).
367
Let y(r) = 2*r**3 + 13*r**2 - 17*r - 1. Calculate y(-5).
159
Let j(u) = -u**2 + 26*u + 359. What is j(36)?
-1
Let u(z) = z**3 + 2*z**2 + 4*z + 11. Give u(4).
123
Let a(f) = -47*f - 9067. Determine a(-193).
4
Let w(q) = -q**2 - 83*q - 1499. Determine w(-59).
-83
Let d(w) = -w**2 - 239*w - 473. Determine d(-237).
1
Let c(j) = -48*j - 947. Calculate c(-16).
-179
Let w(c) = c**3 - c**2 - 115*c - 47. Determine w(12).
157
Let g(s) = s**3 - 16*s**2 + 104*s - 1677. Calculate g(16).
-13
Let w(l) = -20*l - 269. Determine w(-12).
-29
Let j(b) = 273*b + 2103. Calculate j(-8).
-81
Let s(q) = -q**2 + 50*q - 357. Give s(7).
-56
Let j(d) = -d**2 + 250*d + 2322. What is j(-9)?
-9
Let v(c) = -2*c**2 - 101*c + 269. Determine v(-53).
4
Let f(h) = -4*h + 32. Determine f(-6).
56
Let j(b) = 26*b**2 + 104*b - 96. Calculate j(-5).
34
Let a(b) = b**2 + 251*b - 14356. Give a(-299).
-4
Let i(f) = -38*f + 278. Determine i(8).
-26
Let b(p) = -2*p**3 + 7*p**2 + 61*p - 157. Calculate b(6).
29
Let y(f) = -f**2 + 17*f - 34. Calculate y(15).
-4
Let k(q) = q**3 + 14*q**2 - 486*q - 698. Give k(17).
-1
Let z(a) = 40*a - 462. What is z(11)?
-22
Let k(j) = 92*j**3 - 2*j**2 - 2*j + 1. Determine k(1).
89
Let q(x) = x**3 + 18*x**2 - 15306*x - 1460. What is q(-133)?
3
Let b(f) = f**2 - 8*f. Determine b(8).
0
Let x(z) = -z**3 + 4*z + 193. Calculate x(0).
193
Let m(v) = -2*v**2 - 9*v + 316. Give m(12).
-80
Let m(h) = 3*h**3 - 6*h**2 - 72*h + 8. Calculate m(-5).
-157
Let u(b) = -2*b**2 - 1448*b - 5768. What is u(-4)?
-8
Let u(i) = -12*i - 1205. What is u(-42)?
-701
Let d(n) = -n**2 - 116*n + 722. Give d(6).
-10
Let o(w) = -2*w**2 + 34*w - 195. Determine o(10).
-55
Let x(g) = -143*g + 1109. Determine x(9).
-178
Let b(x) = -x**3 + 16*x**2 - 83*x + 156. Determine b(6).
18
Let d(t) = -2*t**3 - 224*t**2 + 218*t + 87. What is d(-113)?
991
Let i(h) = 56*h + 2445. Calculate i(-43).
37
Let z(v) = v**3 + 61*v**2 - 65*v - 225. Give z(-62).
-39
Let f(c) = -1467*c - 418097. Calculate f(-285).
-2
Let u(s) = -20*s**2 + 297*s + 18. Determine u(15).
-27
Let m(b) = -7*b**2 + 47*b + 43. Give m(-1).
-11
Let p(q) = -2*q**3 + 10*q**2 - 3*q + 39. Determine p(5).
24
Let m(x) = 3*x**3 + 151*x**2 + 53*x + 149. Give m(-50).
-1
Let q(a) = 116*a + 1276. Determine q(-11).
0
Let x(j) = -77*j + 266. Give x(5).
-119
Let w(v) = v**3 - 30*v**2 - 217*v + 22. Give w(36).
-14
Let l(s) = -10*s**3 + 5*s**2 + 10*s - 15. What is l(1)?
-10
Let h(r) = -91*r - 234. Give h(-2).
-52
Let s(i) = 2*i**3 + 125*i**2 - 62*i + 55. Calculate s(-63).
-8
Let l(d) = -2*d + 654. What is l(-61)?
776
Let u(z) = -z**3 + 4*z**2 - 24*z + 148. Determine u(5).
3
Let y(h) = -3*h**2 - 99*h - 599. Calculate y(-21).
157
Let v(s) = -s**2 + 112*s + 1767. What is v(126)?
3
Let s(z) = -3*z**2 + 505*z - 644. What is s(167)?
24
Let y(x) = 3*x**3 + 128*x**2 - 318*x - 136. What is y(-45)?
-1
Let t(x) = -472*x + 2348. What is t(5)?
-12
Let z(l) = -11*l**2 - 429*l - 6. Give z(-39).
-6
Let q(h) = h**3 + 12*h**2 - 52*h + 62. Determine q(-14).
398
Let h(l) = -77*l - 694. What is h(-8)?
-78
Let h(s) = s**3 + 22*s**2 + 10*s - 1282. What is h(-17)?
-7
Let q(u) = u**3 + 27*u**2 - 238*u - 42. Calculate q(-34).
-42
Let d(m) = m**3 + 9*m**2 - 73*m - 510. What is d(-6)?
36
Let q(a) = 27*a - 66. Determine q(3).
15
Let t(w) = -2*w**3 + 82*w**2 + 76*w + 16. Give t(42).
-320
Let v(f) = 160*f + 254. Give v(-2).
-66
Let c(s) = -94*s + 4354. What is c(49)?
-252
Let r(f) = -336*f + 4222. Give r(13).
-146
Let i(g) = 21*g**2 - 1146*g - 6251. Give i(-5).
4
Let u(s) = 2*s**3 + 29*s**2 + 16*s + 36. What is u(-13)?
335
Let q(o) = -60*o - 108. Calculate q(-6).
252
Let i(c) = 2*c**3 - 14*c**2 - 40*c + 6. Determine i(9).
-30
Let q(m) = m**3 + 35*m**2 + 19*m + 671. Give q(-35).
6
Let h(y) = -35*y**2 + 20*y + 21. Determine h(-1).
-34
Let g(i) = -4*i**3 + 15*i**2 + 2*i - 12. Determine g(5).
-127
Let a(d) = -4*d**2 + 2*d - 13. Calculate a(2).
-25
Let h(r) = -2*r**3 - 15*r**2 + 30*r + 17. Determine h(-9).
-10
Let v(c) = c**3 + 18*c**2 + 30*c + 66. Give v(-14).
430
Let p(z) = -4195*z - 50337. Determine p(-12).
3
Let t(z) = -146*z - 85. What is t(5)?
-815
Let j(k) = 2352*k - 14089. What is j(6)?
23
Let u(d) = 60*d - 52. Give u(2).
68
Let x(w) = -203*w**2 + 7715*w - 36. Give x(38).
2
Let f(g) = 49822*g - 5. What is f(0)?
-5
Let s(a) = -8*a**2 + 9*a + 7. What is s(2)?
-7
Let p(d) = -d**3 + 190*d**2 + 987*d + 67. Calculate p(-5).
7
Let y(p) = p**3 - 76*p**2 - 78*p - 318. Calculate y(77).
-395
Let g(a) = 2*a**2 + 105*a - 561. Calculate g(5).
14
Let j(c) = 23*c - 742. Calculate j(35).
63
Let b(i) = -i**2 + 9*i + 71. Determine b(19).
-119
Let s(h) = -h**3 - 20*h**2 + 6*h + 151. What is s(-20)?
31
Let j(h) = -23*h**3 + 117*h**2 - 60*h + 253. Give j(5).
3
Let t(v) = -62*v - 13326. Give t(-215).
4
Let p(j) = 33*j - 315. Determine p(15).
180
Let b(o) = -o**3 + 52*o**2 - 102*o + 112. Determine b(50).
12
Let r(g) = g**2 + 13*g + 122. Give r(19).
730
Let h(d) = 820*d - 43466. Give h(53).
-6
Let u(j) = 323*j - 3534. Calculate u(11).
19
Let x(i) = -i**2 - 72*i - 1283. Determine x(-39).
4
Let o(w) = -10*w**2 + 2243*w + 3838. What is o(226)?
-4
Let j(n) = 14*n**2 + 142*n - 17. What is j(-11)?
115
Let z(w) = -5*w**2 + 131*w - 46. Determine z(26).
-20
Let l(k) = 40*k**2 + 357*k - 50. Calculate l(-9).
-23
Let v(j) = -2*j**3 - 4*j**2 + 644*j + 1920. What is v(-3)?
6
Let k(a) = -a**3 - 11*a**2 + 23*a + 13. What is k(0)?
13
Let f(m) = -1364*m + 5443. What is f(4)?
-13
Let z(u) = 3*u**2 + 44*u - 69. Calculate z(-15).
-54
Let m(t) = 837*t + 4243. Calculate m(-5).
58
Let i(f) = f**3 - 14*f**2 + 42*f - 847. Determine i(15).
8
Let s(m) = 58*m - 824. What is s(14)?
-12
Let j(g) = -g**3 + 31*g**2 + 36*g - 89. Calculate j(32).
39
Let i(k) = 714*k - 10726. What is i(15)?
-16
Let b(o) = o**3 - 31*o**2 - 61*o - 142. What is b(33)?
23
Let h(q) = q**3 + 13*q**2 - 18*q + 7. What is h(-14)?
63
Let k(f) = -2*f**2 + 237*f - 2989. What is k(104)?
27
Let y(k) = -445*k**2 - 3130*k - 103. Determine y(-7).
2
Let s(z) = 65*z**2 - 790*z + 12. Determine s(12).
-108
Let d(s) = -s**2 + 44*s - 57. Calculate d(42).
27
Let y(b) = b**3 - 9*b**2 - 13*b + 17. Give y(10).
-13
Let j(y) = -y**3 - 3*y**2 + 357*y + 2030. Calculate j(-17).
7
Let v(i) = -i**3 - 19*i**2 + 4*i - 23. What is v(-20)?
297
Let r(g) = -69*g + 803. What is r(20)?
-577
Let u(